4*f - 13921. Is f a prime number?
False
Let a(h) = -4*h + 7*h**2 + 4*h**2 + 91*h**2. Let z(f) = -102*f**2 + 4*f + 1. Let g(m) = -2*a(m) - 3*z(m). Is g(-2) a prime number?
False
Let y = -5483 + 14142. Is y composite?
True
Let b = 2 + 2. Suppose 0*y - 5*q = -y + 649, 0 = -b*q - 16. Is y prime?
False
Let z be (-24)/(-14) + (-2)/(-7). Suppose 0 = 6*n - z*n + 20. Is ((-254)/4)/(n/20) composite?
True
Suppose -36*r + 3 = -35*r. Is (-889)/(3 + (r - 7)) a prime number?
False
Suppose 6*u - 10723 - 21563 = 0. Is u composite?
False
Let g be 66/4 + (-4)/8. Let i(m) = 5*m - 61. Is i(g) a prime number?
True
Let c be (-10)/5*54/(-4). Let s = 92 - c. Suppose 0*a = -a + s. Is a composite?
True
Let m be -59*(-4 + 8)/(-4). Suppose 4*z = 65 + m. Is z a composite number?
False
Suppose -2*c + 4 = u, 5*u - 3*c = -8*c + 20. Suppose 0 = 3*g + z - 3*z - 565, u*z - 398 = -2*g. Is g a composite number?
False
Suppose -2*b - 16 = -124. Let r = b + 147. Is r composite?
True
Let w(c) = 26*c**3 - 5*c**2 + 14*c - 4. Is w(5) prime?
True
Let s(v) be the first derivative of v**3/3 + v**2 - 21*v - 5. Let o be s(9). Is 1/6 - (-20657)/o a composite number?
True
Suppose 4*a = -0*a - l + 18376, 0 = 3*a - l - 13789. Suppose -5*z = -0*v + 5*v - a, 5*z - 2757 = -3*v. Is v prime?
True
Let u(t) = 147*t**2 + 8*t + 66. Is u(13) composite?
False
Suppose -4*l - 27 + 183 = 4*n, 0 = -4*n - 5*l + 156. Suppose -4407 = -n*f + 36*f. Is f a composite number?
True
Suppose 2 = 6*z + 44. Is z + 2 + 81*4 composite?
True
Suppose -4*o = -3*o - 2. Let a = 7 - o. Is (-24)/(-40) + 482/a a composite number?
False
Let w(d) = 25*d + 30. Let h(q) = q**3 + 11*q**2 + 9*q + 3. Let c be h(-10). Is w(c) prime?
False
Let f be (-1 + 6/(-2) + 4)/(-3). Suppose f = r + 3*a + 1892 - 7386, a = -2*r + 11013. Is r prime?
False
Let j(h) = -h - 13. Let r be j(-11). Let f(o) = -79*o**3 + o + 3. Is f(r) composite?
True
Let y be ((-5 - -2) + 2)*6. Let z = -1 - y. Is 422/z*50/20 composite?
False
Let p(r) = -5616*r - 217. Is p(-4) a prime number?
True
Suppose -6*c = -9178 - 26060. Is c composite?
True
Let u(b) = 407*b**2. Let a(g) = -g**3 + 9*g**2 + 10*g - 1. Suppose -37 = 7*i - 107. Let f be a(i). Is u(f) a prime number?
False
Suppose 2*s + f = 5, -4*f - 4 + 0 = 0. Suppose s*j + 12 = -0*j. Is (-2)/j*0 + 407 a composite number?
True
Suppose -3*k = -15, 32*f - 27*f - 45480 = k. Is f a prime number?
False
Let k = -2170 - -10671. Is k composite?
False
Is (4 - (3 + 4)) + 3250 a composite number?
True
Let j be 2 + 0 - (-6 + (-2 - -6)). Suppose j*u + 1525 = 2*s - u, 2*s + u = 1507. Is s composite?
True
Let n be (3/5)/(1/2045). Suppose 5*r = l - 0*l + 1239, -5*r - 2*l + n = 0. Is r prime?
False
Suppose 4*r = -3*a, 0 = -5*r + 7*r - 3*a. Suppose -3*h + 0*x + 4391 = -x, r = -3*h - 4*x + 4411. Is h a prime number?
False
Let x be (-16)/(-6)*15270/8. Suppose -2556 = -2*i - 5*c, 4*i - x = -0*c + c. Suppose -r - 767 = -3*s, i = 5*s + 4*r - 7*r. Is s prime?
True
Let w(y) = 192*y**2 + 14*y - 8. Is w(3) composite?
True
Suppose -12*m + 4*m = -25592. Is m composite?
True
Let y = 1832 - -795. Is y composite?
True
Suppose 6 = -2*k, 2*i - 715 = i + 3*k. Is i prime?
False
Let g(o) = 1763*o**2 + 12*o + 9. Is g(-4) composite?
True
Let k(w) be the third derivative of w**5/60 - 3*w**4/8 - 7*w**3/2 - 11*w**2. Is k(16) prime?
False
Let f = -3157 - -7599. Is f composite?
True
Let u(s) = -8656*s + 523. Is u(-9) composite?
False
Let b be ((-1)/(-2))/(5/(-73190)). Let c = b - -12588. Is c a composite number?
True
Let w be 1 + -3 - (135 - -1). Let t = 61 - w. Is t prime?
True
Let t = 14874 + -10385. Is t prime?
False
Let l be 254350/14 - 7/(-49). Is ((-2)/(-2))/(l/6054 - 3) composite?
False
Let y(z) = 76*z**2 - z + 14. Is y(-9) a prime number?
False
Suppose 5*a + k - 223 = 6620, -3*a + 4103 = 2*k. Is a a composite number?
True
Is -5 - 2/6*(-2227836)/13 a prime number?
True
Suppose -1286 = 2*r - 5*r + 2*u, 2*r + 5*u = 832. Let z = r - 31. Is z a composite number?
True
Let j be (-114)/(-42) + (-2)/(-7). Suppose 2*c = -j*c + 2620. Suppose -4*l + 320 + c = 0. Is l a prime number?
True
Is (751785/(-45))/(1/(-3)) prime?
True
Let f(m) = 146*m - 147. Is f(29) a composite number?
True
Is (3449/(-5))/((-13)/130) a prime number?
False
Suppose 0 = 3*f - l - 6, -4*f + 5*l - 3*l = -6. Suppose f*u + 6 = 2*d - u, 0 = 3*u. Suppose -7*v + d*v + 1052 = 0. Is v composite?
False
Let n = 13 - 12. Is 1*(n*-7)/((-2)/194) prime?
False
Suppose 9*n = -41308 + 118537. Is n prime?
True
Let z = 23168 + -4269. Is z prime?
True
Let a = -256 + 128. Let i = 63 - a. Is i composite?
False
Let n = -19 + 23. Suppose 4*b + n*g - 3612 = 0, 4*b - 6*b + 1810 = g. Is b prime?
True
Let r(x) = -3*x + 2 - x - x. Let j be 2/((15/(-12))/5) - -1. Is r(j) a composite number?
False
Let q(m) = 2*m**3 - m**2 - m - 1. Is q(12) composite?
False
Suppose -5*v = -4*i - 114, -v + 84 = 3*v + 4*i. Let r = 12 + v. Is r prime?
False
Let v(c) = 81*c. Let y(l) = -81*l - 1. Let h(z) = 6*v(z) + 5*y(z). Is h(6) prime?
False
Suppose f = 3*n - 10, 2*n = 3*f + 2*f + 37. Let d be (-550)/70 + 1/f. Let z = 23 + d. Is z a prime number?
False
Let u(x) = 15*x**2 - 22*x - 17. Is u(10) prime?
False
Let u be 2*(-3)/12*-6. Suppose -x = -2*b + u*x + 1372, -b + 3*x + 683 = 0. Let o = b + -375. Is o prime?
True
Suppose -41*b + 745 = -36*b. Is b composite?
False
Let u be (-7)/((-140)/(-864))*-15. Let f = -341 + u. Suppose -k + f = 4*w, 0*w + 73 = w + 4*k. Is w a composite number?
True
Let i(f) = 3*f**2 - 8*f - 376. Is i(21) composite?
True
Suppose q = -0*q - 2484. Let a = 3803 + q. Is a a prime number?
True
Suppose 0 = -5*t + 8 + 17. Suppose 19*s + 5652 = 37*s. Suppose -t*p + 241 = -s. Is p composite?
True
Suppose 5 = 3*r - 4. Suppose -r*z - z = -4348. Is z composite?
False
Let t = -225 - 15. Suppose 983 = -5*m + 193. Let l = m - t. Is l composite?
True
Let n be (-2 + 7)*10/(-25). Is n*((-1500)/8 + -2) composite?
False
Suppose 2960 = 2*p - 4*z, 5*p + 3*z = 1124 + 6250. Let c = p + -1031. Is c a prime number?
False
Let j be ((-18)/8*-1)/((-27)/72). Is (j/(-9))/(28340/9444 + -3) a prime number?
True
Let p = -1242 - -2899. Is p prime?
True
Let p be -2 - (-3)/((-3)/(-2)). Suppose p = 4*u - 4*m - 4, 2*u + 3*m + 0 = 12. Suppose v - 4*g = 262, -g + 850 = u*v + 3*g. Is v a prime number?
False
Is (-1)/1*1*-1*1823 prime?
True
Let h(i) = 224*i + 15. Let j be h(6). Let t = -860 + j. Is t a composite number?
False
Suppose 2*c + 4*i - 3*i + 1 = 0, -4*c = -2*i - 18. Suppose 4*m = 6*m + 3*b - 4672, 0 = c*m - 3*b - 4660. Is m composite?
False
Let w be (-8)/(-12) - (-52288)/12. Let x = w + -2793. Is x composite?
True
Let y(n) = 16748*n + 45. Is y(1) composite?
True
Is (58/(-174))/((-2)/21426) composite?
False
Suppose -3*f + 3*m = -21, 0*f + 5*m + 3 = -3*f. Suppose -f*k = -w - 9*k + 1660, -w + 4*k = -1651. Is w composite?
True
Let l(f) = 10*f**2 + 3*f - 6. Let u be l(2). Suppose -1127 = -g - u. Is g prime?
True
Let c = 65004 + -31639. Is c a composite number?
True
Suppose -2*i + 0*i = -d + 8, 2*i = -4*d - 8. Suppose -4*v + 4*n = -852, -3*v + 667 = -d*n + 4*n. Is v a composite number?
True
Suppose 5*f = q - 7, -2*q + 0*f + 2 = 2*f. Is 892*q/12 - 1/(-3) a prime number?
True
Suppose -12*d - 690 = -15*d. Suppose -2*z - 4*x + d = 0, x - 5*x = 3*z - 349. Is z a prime number?
False
Let q(i) = -9236*i - 11. Is q(-2) a prime number?
True
Let n(x) = 3*x**3 - 9*x**2 - 34*x + 73. Is n(14) prime?
False
Let s(z) = 25034*z - 91. Is s(3) a composite number?
False
Suppose 2*m + n = 63904, 2*m - 53347 = 4*n + 10547. Is m a composite number?
True
Is (1225/(-350))/(1/(-16162)) prime?
False
Suppose -3*f + 4*s = -10983, 3661 = f - 0*s - s. Is f a composite number?
True
Let o(l) = 2*l**2 + 20*l - 17. Let g be o(-11). Is 211/2*(3 + 6 - g) prime?
False
Suppose -3*d - 2*d = 10. Let k(x) = 73*x + 2. Let j be k(d). Let b = j + 293. Is b composite?
False
Let f(h) = -162*h - 6 - 11 - 52*h. Is f(-6) prime?
False
Let x = -121 - -121. Let h(q) = 253 + 54 + 2*q + 2*q**2 - 3*q. Is h(x) a composite number?
False
Let p be (-4)/(-6) + 18/(-27) - -3. Is p*((-1)/(-4))/((-18)/(-56904)) prime?
True
Suppose 35487 = 17*g - 8*g. Is g a prime number?
True
Let p be (6/(-2))/(1 + (-925)/922). Suppose -9*o + 491 = -p. Is o prime?
True
Let d be -6*(5/15 - 1). Suppose -376 = d*l - 4188. Is l a prime number?
True
Sup